1249, 68023
What are the prime factors of 139747472?
2, 389, 22453
What are the prime factors of 7891253149?
13, 23, 41, 241, 2671
What are the prime factors of 18702036?
2, 3, 23, 7529
What are the prime factors of 412160798?
2, 7, 29440057
List the prime factors of 22647012.
2, 3, 19, 71, 1399
List the prime factors of 2228952458.
2, 1114476229
What are the prime factors of 9887300471?
9887300471
List the prime factors of 29759469.
3, 17, 583519
What are the prime factors of 784445984?
2, 7, 79, 97, 457
List the prime factors of 1150117408.
2, 11, 1033, 3163
List the prime factors of 14352717.
3, 4784239
List the prime factors of 224602864.
2, 14037679
What are the prime factors of 137310783?
3, 45770261
List the prime factors of 26749688.
2, 7, 68239
What are the prime factors of 1098748015?
5, 157, 1399679
List the prime factors of 171935100.
2, 3, 5, 191039
List the prime factors of 903690969.
3, 53, 83, 68477
What are the prime factors of 73824784?
2, 11, 419459
What are the prime factors of 28924528?
2, 37, 48859
List the prime factors of 105520163.
7, 241, 62549
What are the prime factors of 1969244723?
613, 3212471
What are the prime factors of 1518865975?
5, 11, 449, 12301
What are the prime factors of 21111620?
2, 5, 17, 31, 2003
List the prime factors of 14703003.
3, 7, 23, 73, 139
List the prime factors of 379617439.
4211, 90149
What are the prime factors of 6531494753?
7, 29, 1033, 31147
List the prime factors of 475687527.
3, 7, 3853, 5879
List the prime factors of 20811367.
317, 65651
List the prime factors of 229217435.
5, 45843487
What are the prime factors of 118453760?
2, 5, 46271
What are the prime factors of 46632848?
2, 2914553
What are the prime factors of 103228076?
2, 7, 37, 2693
List the prime factors of 141733017.
3, 5249371
What are the prime factors of 39318231?
3, 563, 23279
What are the prime factors of 46079266?
2, 2861, 8053
What are the prime factors of 60920705?
5, 2647, 4603
List the prime factors of 1103042583.
3, 59, 692431
What are the prime factors of 6158429?
31, 198659
List the prime factors of 367502720.
2, 5, 13, 44171
What are the prime factors of 908831081?
67, 157, 86399
List the prime factors of 5374423.
787, 6829
List the prime factors of 577499442.
2, 3, 13, 7403839
What are the prime factors of 633276541?
577, 1097533
What are the prime factors of 404435289?
3, 23, 5861381
What are the prime factors of 142551983?
7, 20364569
List the prime factors of 163360638.
2, 3, 7, 31, 1549
What are the prime factors of 1299740120?
2, 5, 7, 23, 201823
What are the prime factors of 95924795?
5, 17, 1128527
List the prime factors of 27118961.
17, 173, 9221
List the prime factors of 1694290001.
397, 773, 5521
List the prime factors of 1396145554.
2, 311, 439, 5113
What are the prime factors of 742231872?
2, 3, 1288597
List the prime factors of 708888527.
708888527
What are the prime factors of 146476816?
2, 47, 109, 1787
What are the prime factors of 104111862?
2, 3, 47, 369191
List the prime factors of 84508986.
2, 3, 79, 178289
What are the prime factors of 768061473?
3, 359, 713149
What are the prime factors of 4424553517?
10163, 435359
What are the prime factors of 769363000?
2, 5, 7, 131, 839
What are the prime factors of 2077351?
2077351
List the prime factors of 1095191460.
2, 3, 5, 11, 23, 24049
List the prime factors of 239920762.
2, 17, 1307, 5399
List the prime factors of 5042459292.
2, 3, 13, 41, 788377
What are the prime factors of 1732987854?
2, 3, 13, 17, 23, 31, 47
List the prime factors of 3583933746.
2, 3, 31, 19268461
What are the prime factors of 6014137876?
2, 443, 709, 4787
List the prime factors of 73799231.
11, 609911
List the prime factors of 106996055.
5, 853, 25087
What are the prime factors of 61118949?
3, 31, 657193
List the prime factors of 5682529422.
2, 3, 59, 5350781
List the prime factors of 166869033.
3, 509, 109279
What are the prime factors of 114144383?
617, 184999
List the prime factors of 629278508.
2, 577, 272651
List the prime factors of 190622387.
190622387
List the prime factors of 1168093216.
2, 36502913
List the prime factors of 82687376.
2, 193, 26777
List the prime factors of 3450574824.
2, 3, 143773951
List the prime factors of 3195704232.
2, 3, 7, 1051, 2011
What are the prime factors of 2369973678?
2, 3, 3863, 102251
List the prime factors of 65467688.
2, 11, 13, 89, 643
What are the prime factors of 575193684?
2, 3, 13, 3687139
List the prime factors of 7216017507.
3, 41, 19555603
What are the prime factors of 512121884?
2, 37, 233, 14851
What are the prime factors of 244464035?
5, 48892807
List the prime factors of 244349272.
2, 19, 149, 10789
What are the prime factors of 75793584?
2, 3, 19, 41, 2027
What are the prime factors of 4799982?
2, 3, 11, 72727
What are the prime factors of 101135633?
101135633
What are the prime factors of 544610352?
2, 3, 11, 13, 7213
List the prime factors of 1246156454.
2, 107, 859, 6779
List the prime factors of 120866799.
3, 31, 821, 1583
List the prime factors of 4479459131.
7, 37, 17295209
What are the prime factors of 120719561?
1171, 103091
List the prime factors of 117302280.
2, 3, 5, 43, 127, 179
What are the prime factors of 60650767?
41, 1479287
What are the prime factors of 83633024?
2, 37, 17659
What are the prime factors of 2142020085?
3, 5, 641, 222779
List the prime factors of 58284516.
2, 3, 257, 18899
What are the prime factors of 291782626?
2, 145891313
What are the prime factors of 2269375329?
3, 13, 58189111
List the prime factors of 133905295.
5, 53, 101, 5003
What are the prime factors of 84367256?
2, 47, 173, 1297
What are the prime factors of 150689245?
5, 7, 59, 72973
What are the prime factors of 2583810700?
2, 5, 71, 363917
List the prime factors of 74862734.
2, 37431367
List the prime factors of 1178066945.
5, 11, 21419399
List the prime factors of 12303789.
3, 4101263
What are the prime factors of 145480035?
3, 5, 857, 11317
What are the prime factors of 2722724162?
2, 53, 25686077
What are the prime factors of 39199801?
39199801
List the prime factors of 1175122817.
11, 1759, 60733
List the prime factors of 14916822.
2, 3, 2486137
List the prime factors of 1302453754.
2, 7, 47, 1979413
List the prime factors of 128050806.
2, 3, 13, 487, 3371
List the prime factors of 180572098.
2, 7, 12898007
List the prime factors of 5757290.
2, 5, 7, 11, 7477
List the prime factors of 4309783712.
2, 13, 61, 169837
List the prime factors of 2156555574.
2, 3, 119808643
List the prime factors of 166205844.
2, 3, 7, 19, 29
What are the prime factors of 551527100?
2, 5, 5515271
What are the prime factors of 3191452190?
2, 5, 59, 5409241
List the prime factors of 2049205634.
2, 7, 146371831
List the prime factors of 649256308.
2, 47, 97, 35603
List the prime factors of 305922792.
2, 3, 7, 1820969
What are the prime factors of 672386652?
2, 3, 7, 17, 31, 61, 83
What are the prime factors of 48783408?
2, 3, 61, 16661
List the prime factors of 1455959429.
197, 2671, 2767
What are the prime factors of 628405930?
2, 5, 29, 2166917
List the prime factors of 7179782.
2, 661, 5431
What are the prime factors of 72490575?
3, 5, 29, 33329
What are the prime factors of 45205392?
2, 3, 61, 15439
What are the prime factors of 941363396?
2, 43, 5473043
List the prime factors of 185825772.
2, 3, 11, 156419
What are the prime factors of 20258262?
2, 3, 23, 5437
What are the prime factors of 667065360?
2, 3, 5, 13, 47, 4549
What are the prime factors of 1818664970?
2, 5, 23, 59, 5827
What are the prime factors of 524006576?
2, 32750411
List the prime factors of 1757907497.
193, 1543, 5903
List the prime factors of 302114942.
2, 151057471
What are the prime factors of 879524648?
2, 17, 6467093
What are the prime factors of 738481054?
2, 17, 43, 505117
What are the prime factors of 28363587?
3, 7, 1350647
List the prime factors of 124784582.
2, 13, 4799407
What are the prime factors of 17754709?
7, 37, 1399
What are the prime factors of 24417057?
3, 7, 31, 37507
List the prime factors of 48941051.
107, 457393
List the prime factors of 82953556.
2, 7, 37, 80071
List the prime factors of 1217809316.
2, 179, 1700851
List the prime factors of 1650484701.
3, 3259, 18757
List the prime factors of 10074998.
2, 139, 36241
What are the pr